. Calculate p(-1).
-20
Let d(t) be the third derivative of -t**6/120 + t**5/10 + 5*t**3/6 - 3*t**2. Let r(w) = -w**2 - 6*w + 97. Let a be r(-13). Calculate d(a).
5
Suppose v = 2, -g = -5*g - 4*v + 16. Suppose -4*h - 30 = g*h. Let f(w) = 2*w + 5. What is f(h)?
-5
Let d(h) = -h - 2. Suppose -2 = -4*u + 3*a + 1, -6 = -3*u + 3*a. Let m(s) = 5*s + 10. Let t be m(u). Determine d(t).
3
Let h(o) = -17*o**2 + 20 - 4*o - 2*o - 11*o + 18*o**2. Calculate h(14).
-22
Let k(y) = -3*y**3 - 3*y**2 - 2*y + 1. Let w(j) = j**2 + 4. Let a be w(-4). Let c = a + -4. Let f = c - 18. What is k(f)?
17
Let l(z) = -z**3 - 7*z**2 - 6*z - 5. Let g(t) = -2*t**2 + 20*t + 2. Let h be g(9). Let m be (-1 - h/12)*3 - -2. Determine l(m).
-5
Let w(n) = -2*n**3 + 13*n + 7*n**2 - 11*n**2 - 69 + 80 - 7*n**2 - 4*n. Determine w(-6).
-7
Let x(t) = -5*t - 9. Let u(s) = -s. Let p(j) = -6*u(j) + x(j). Suppose -6*h + 7*h - 2 = 0. Suppose 0 = 3*m + h*m - 35. Give p(m).
-2
Let m(q) be the second derivative of -q**3/3 + q**2/2 - 17*q. Let k = -10 + 12. Suppose 0 = -5*x + 25, -k*w - 6*x = -x - 27. What is m(w)?
-1
Let f(g) = g**2 + g + 7. Suppose -15 = 4*z - 3*p, 4*z - p + 5 = z. Calculate f(z).
7
Let b(d) = -25*d - 4*d**2 + 61*d - 36*d. Determine b(1).
-4
Suppose 0*x = -4*x + 24. Let q(k) = 14*k + 2. Let i(g) = -11*g - 2. Let n(m) = 5*i(m) + 4*q(m). Determine n(x).
4
Let b = -1281 + 1277. Let w(g) = 0 - g - g - 5. Determine w(b).
3
Let w = -80 - -74. Let i(t) be the first derivative of -3*t**2/2 - 9*t + 5. Calculate i(w).
9
Let c(z) = -2*z**2 - 2*z - 2. Let r = -123 - -95. Let h(l) = -l**2 - 28*l - 2. Let b be h(r). Give c(b).
-6
Let h(s) = s + 9. Let n(q) = q**2 - 7*q + 6. Let f be n(7). Let x be (0 - (-14)/f)/(15/(-45)). What is h(x)?
2
Suppose 4*g - 3*i = -2 + 21, 8 = g - 4*i. Suppose 3*q = -g*h + 35, -10 = 4*q - 30. Let r(t) = -t + 1. What is r(h)?
-4
Let s(n) be the second derivative of n**3/6 - 11*n**2/2 - 61*n. Calculate s(6).
-5
Let o(p) = -16*p**3 - 8*p**2 + 4*p + 16. Let d(k) = 3*k**3 + k - 3. Let i(q) = 5*d(q) + o(q). What is i(-9)?
1
Let n(u) = u + 4 + 3*u + 2*u + u**2. Let f be 0 - ((-6)/(-5))/((-6)/15). Suppose d - 1 = 5*w + f, d + 10 = -2*w. Calculate n(d).
4
Let t(b) = 1300*b**3 - 8*b - 6*b**2 + 0 + 5 - 1299*b**3. Determine t(7).
-2
Suppose 0 = 1496*k - 1508*k + 72. Let c(m) be the first derivative of -m**2/2 + 2*m - 2. Calculate c(k).
-4
Let i(s) be the first derivative of -s**4/4 + 2*s**3 + s**2/2 - 5*s - 112. Give i(4).
31
Let q(y) = y**2 + 4*y + 7. Let c be (6 + (-72)/16)/((-2)/4). Calculate q(c).
4
Let c(y) = 5*y**3 - 9*y**2 + 7. Let r(p) = 14*p**3 - 26*p**2 - 2*p + 21. Let t(u) = -11*c(u) + 4*r(u). Determine t(6).
-5
Let g(k) = k**3 + 2*k**2 - 4*k - 1. Let a = 0 + 10. Let y be (a/4 - 2)*-6. Determine g(y).
2
Let w(f) be the second derivative of 2/3*f**3 + 3*f**2 + 0 - 13*f. What is w(-7)?
-22
Suppose 2*r + 4*h - 34 = -12, 4*r - h - 8 = 0. Let b(z) = 2*z + 649*z**r + 4 - 648*z**3 - z + 4*z**2. Determine b(-4).
0
Let k(c) be the third derivative of c**5/60 + 19*c**4/24 + 5*c**3/2 + 33*c**2. Calculate k(-18).
-3
Let t(m) be the second derivative of -m**4/12 - m**3/6 + 6*m**2 + 9*m. Let a be t(5). Let k = a - -20. Let v(b) = -b**3 + 3*b**2 + b - 2. Determine v(k).
4
Suppose 5*t = -2*v - 33 + 13, -2*t - v = 7. Let k(l) = l**3 + 5*l**2 + 3. Calculate k(t).
-33
Let s be (((-6)/(-4))/(-1))/(16/(-64)). Let t(h) = 2*h + 8. Give t(s).
20
Let j(z) = 0*z**2 + 3*z**2 + 13 - 2*z**2 - 8 - 12 + 4*z. Calculate j(0).
-7
Let c(o) = o**2 + o + 2. Let k = 17 + -15. Let q be (k/(-6))/(16/96). Give c(q).
4
Suppose 3*q + 45 = 5*s, -2*s + 4*s + 2*q - 34 = 0. Suppose 3*m = -v + s, 0 = 3*v - 7*v + 3*m - 12. Let b(o) = -o - 3. Give b(v).
-3
Let i(o) = -5*o + 3. Suppose -2*q = -0*q - 52. Let m = 28 - q. Calculate i(m).
-7
Suppose -3*g + 7*g + 4*o - 200 = 0, 0 = 3*g + 4*o - 153. Let c = -44 + g. Let a(p) be the first derivative of -p**4/4 + 4*p**3/3 - 3*p - 1. What is a(c)?
6
Let d be -14 + 14 - 4/(-2). Let v(f) = -6 - 1 + d + 5*f + f**2 + 1. Calculate v(-5).
-4
Let q(z) be the third derivative of 5*z**4/24 + 9*z**2. Suppose -2*a = 5*o + 94, 3*o - 44 = 5*o + 4*a. Let v = o + 20. Give q(v).
10
Let k = -2 + 5. Let t(v) be the first derivative of 5 - 5/3*v**3 + 1/4*v**4 + 0*v + 2*v**2. What is t(k)?
-6
Suppose -2*k = 1 + 3, -2*k - 8 = -m. Suppose w = 1, 2*o + m*w - 1 = 3. Let y(h) = h**3 + h**2 + h - 9. Calculate y(o).
-9
Let a(d) = -2*d**2 - 4*d - 1. Let j be 3/(63/21) - (5 - 1). Give a(j).
-7
Let j(c) = -5*c + 11. Suppose -25*u + v + 1 = -24*u, -2*u - 2*v = -10. What is j(u)?
-4
Let q(x) = -7*x + 37. Let y(z) = -3*z + 2. Let l(b) = q(b) - 3*y(b). Give l(-17).
-3
Suppose 7*f = 6*f + 6. Let o(c) = -4 - 2 - 1 + f*c**2 + 6. Suppose 0 = -3*i - 0 + 3. Give o(i).
5
Let h be 18/(-10)*6/((-54)/(-45)). Let v(w) = -w**3 - 10*w**2 - 10*w - 9. Determine v(h).
0
Let f(h) = -h + 13. Let j be f(13). Suppose j = -23*l + 21*l - 6. Let r(t) = -t + 4. What is r(l)?
7
Let q(l) = -11*l**2 + 14*l - 5. Let v(u) = -2*u**2 + u. Let x(a) = q(a) - 5*v(a). Calculate x(7).
9
Let c(j) = -45*j - 10. Let v(i) = -38*i - 9. Let z(m) = 5*c(m) - 6*v(m). What is z(-5)?
-11
Let c(h) = 4*h**2 - 3*h - 1. Let k(p) = -6*p**2 + 5*p + 2. Let g(n) = 8*c(n) + 5*k(n). Give g(-2).
8
Let f(q) = -3*q**2 + 51*q + 4. Let r be f(17). Let a(m) = 3*m + 5. What is a(r)?
17
Let i be 5/(-5) + (-8)/(-2). Suppose -c = -i*f - 2*c + 8, -5*f + 5*c = 0. Let o(q) = q**3 - q + 2. Calculate o(f).
8
Let c(a) = 4*a**2 + 191*a - 44. Let s be c(-48). Let r(j) be the second derivative of -5/6*j**3 + 1/12*j**s - 1/2*j**2 + 4*j + 0. Calculate r(4).
-5
Let o(w) be the first derivative of w**4/4 - 4*w**3/3 + w**2 - 3*w - 145. Calculate o(4).
5
Let o be 1 - (2 + -1*2). Let u be (-5 - 0)/(0 - o). Let n(r) = -3*r**2 - 67*r**2 + 1 + 2*r**2 + 69*r**2 - 5*r. What is n(u)?
1
Let d be ((-18)/(-3) - 2)/1. Suppose 0 = d*s - 0 - 8. Let x(k) = 0*k - 2*k + 0 - s*k**2 - 2. Give x(-2).
-6
Let q = 5 - 7. Let d(b) = -96*b**2 - 102*b**2 - b**3 + 199*b**2 + 2*b. Give d(q).
8
Let x = 7 + -11. Let g(q) be the second derivative of q**5/60 + q**4/24 - 2*q**3/3 - 3*q**2/2 + 4*q. Let h(r) be the first derivative of g(r). Determine h(x).
8
Suppose -3*t + 0*k = 3*k - 9, 2*t - 15 = -5*k. Suppose -x - 30 = l - 6*l, -l + x + 10 = t. Let m(n) = -1 + 16*n - 3*n**2 + 3*n + 2*n**2 - 14*n. Give m(l).
-1
Let u(l) = 2*l**2 - 17*l - 7. Let n be u(9). Let c(q) = 1 - 7 + 7*q + 3 - 2*q**n. Determine c(5).
-18
Let u(t) be the second derivative of t**4/2 - 37*t**2/2 - t. Let h(w) be the first derivative of u(w). What is h(-1)?
-12
Let t(c) = c**3 - 3*c**2 - 3*c - 1. Suppose 40 = 5*g - 5*n, 0 = 4*g + 15*n - 11*n. Calculate t(g).
3
Let a(y) = -y**3 - 11*y**2 - 12*y - 20. Let l be (340/(-119))/((-4)/(-14)). What is a(l)?
0
Let v(s) = -3*s**3 - s**2 + 2*s. Let a(y) = 2*y**2. Let h be a(1). Suppose -8 = 4*j, -b + h*j - 7*j - 12 = 0. Calculate v(b).
16
Let q(g) = 6*g + 4. Let z be q(2). Let f = z - 12. Let o(h) = h + 2*h + f*h - h. Determine o(-1).
-6
Let l be (-105)/(-15)*12/(-14). Let k(w) = -w**3 - 7*w**2 - 5*w. What is k(l)?
-6
Let c(t) = 0*t**2 - 1 - 7*t**2 - 5*t + 4*t**2 + t**3. Let i = -1784 - -1788. Determine c(i).
-5
Let y be (-1 + 2)*(1 + 2). Let b(f) = 2 + 18*f**2 - f + 25*f**2 - 4 - 33*f**2. Let n(c) = -11*c**2 + 1. Let m(l) = y*n(l) + 2*b(l). Give m(-1).
-12
Let c(l) = l. Let v be (-3)/((6/5)/(-2)). Suppose -3*z + 35 = -3*w + z, -v*z + 30 = -w. What is c(w)?
-5
Let h(a) = -8 - 67*a**2 - 7*a + 8*a + 69*a**2 + 12*a. Determine h(-7).
-1
Let f(c) = -c**3 - 5*c**2 + 8*c + 8. Suppose 15 = -3*b - l, -9 = -b + 4*l - 9*l. Calculate f(b).
-4
Let r(p) = p**3 + 9*p**2 - 354 + 7*p + 3*p + 362. Give r(-6).
56
Let w(h) = -h**2 - 6*h - 4. Let c be (-3)/2 - (-10)/4. Suppose -3*t = -11 - c. Suppose -t*k - 10 = -2*y, 5*k + 2*y + 24 = -11. Determine w(k).
1
Let p be (-6)/(-15)*(-10)/(-2). Suppose 0*z - 9 = -9*z. Let n(v) = v**2 - z - 53*v + 51*v + 0*v**2. What is n(p)?
-1
Let k(c) = -3*c - 1. Let j = 108 + -107. Give k(j).
-4
Let y(v) = v**2 + 3*v - 5. Suppose 27*c = 24*c - 60. Let i = c - -14. What is y(i)?
13
Let k(c) = c**2 - 5*c. Let d be k(6). Let v(w) = -3*w**3 - 2*w**2 + 18*w - 55. Let l(t) = t**3 + t**2 - 6*t + 19. Let h(z) = 17*l(z) + 6*v(z). Calculate h(d).
-7
Let j(q) be the third derivative of q**5/60 + q**4/8 - q**3